[INFO] cloning repository https://github.com/Ethan826/baseball
[INFO] running `Command { std: "git" "-c" "credential.helper=" "-c" "credential.helper=/workspace/cargo-home/bin/git-credential-null" "clone" "--bare" "https://github.com/Ethan826/baseball" "/workspace/cache/git-repos/https%3A%2F%2Fgithub.com%2FEthan826%2Fbaseball", kill_on_drop: false }`
[INFO] [stderr] Cloning into bare repository '/workspace/cache/git-repos/https%3A%2F%2Fgithub.com%2FEthan826%2Fbaseball'...
[INFO] running `Command { std: "git" "rev-parse" "HEAD", kill_on_drop: false }`
[INFO] [stdout] 4674f9c9cb2d91ad63e33046d2f5eb0810eeb446
[INFO] checking Ethan826/baseball against master#cfbc6d4cf1acbac5c025acf8ed68929caa551df3 for pr-75494-beta
[INFO] running `Command { std: "git" "clone" "/workspace/cache/git-repos/https%3A%2F%2Fgithub.com%2FEthan826%2Fbaseball" "/workspace/builds/worker-9/source", kill_on_drop: false }`
[INFO] [stderr] Cloning into '/workspace/builds/worker-9/source'...
[INFO] [stderr] done.
[INFO] validating manifest of git repo https://github.com/Ethan826/baseball on toolchain cfbc6d4cf1acbac5c025acf8ed68929caa551df3
[INFO] running `Command { std: "/workspace/cargo-home/bin/cargo" "+cfbc6d4cf1acbac5c025acf8ed68929caa551df3" "read-manifest" "--manifest-path" "Cargo.toml", kill_on_drop: false }`
[INFO] started tweaking git repo https://github.com/Ethan826/baseball
[INFO] finished tweaking git repo https://github.com/Ethan826/baseball
[INFO] tweaked toml for git repo https://github.com/Ethan826/baseball written to /workspace/builds/worker-9/source/Cargo.toml
[INFO] crate git repo https://github.com/Ethan826/baseball already has a lockfile, it will not be regenerated
[INFO] running `Command { std: "/workspace/cargo-home/bin/cargo" "+cfbc6d4cf1acbac5c025acf8ed68929caa551df3" "fetch" "--locked" "--manifest-path" "Cargo.toml", kill_on_drop: false }`
[INFO] running `Command { std: "docker" "create" "-v" "/var/lib/crater-agent-workspace/builds/worker-9/target:/opt/rustwide/target:rw,Z" "-v" "/var/lib/crater-agent-workspace/builds/worker-9/source:/opt/rustwide/workdir:ro,Z" "-v" "/var/lib/crater-agent-workspace/cargo-home:/opt/rustwide/cargo-home:ro,Z" "-v" "/var/lib/crater-agent-workspace/rustup-home:/opt/rustwide/rustup-home:ro,Z" "-e" "SOURCE_DIR=/opt/rustwide/workdir" "-e" "CARGO_TARGET_DIR=/opt/rustwide/target" "-e" "CARGO_HOME=/opt/rustwide/cargo-home" "-e" "RUSTUP_HOME=/opt/rustwide/rustup-home" "-w" "/opt/rustwide/workdir" "-m" "1610612736" "--user" "0:0" "--network" "none" "rustops/crates-build-env@sha256:a636fd89d022f18117e1dc8fb37a0a009933cdbbe082814857f0e2024962d47c" "/opt/rustwide/cargo-home/bin/cargo" "+cfbc6d4cf1acbac5c025acf8ed68929caa551df3" "metadata" "--no-deps" "--format-version=1", kill_on_drop: false }`
[INFO] [stderr] WARNING: Your kernel does not support swap limit capabilities or the cgroup is not mounted. Memory limited without swap.
[INFO] [stdout] 7efd5f539f86232000dc3995a963e7c20059733d95af77dd7e2e4dc2bf2da843
[INFO] running `Command { std: "docker" "start" "-a" "7efd5f539f86232000dc3995a963e7c20059733d95af77dd7e2e4dc2bf2da843", kill_on_drop: false }`
[INFO] running `Command { std: "docker" "inspect" "7efd5f539f86232000dc3995a963e7c20059733d95af77dd7e2e4dc2bf2da843", kill_on_drop: false }`
[INFO] running `Command { std: "docker" "rm" "-f" "7efd5f539f86232000dc3995a963e7c20059733d95af77dd7e2e4dc2bf2da843", kill_on_drop: false }`
[INFO] [stdout] 7efd5f539f86232000dc3995a963e7c20059733d95af77dd7e2e4dc2bf2da843
[INFO] running `Command { std: "docker" "create" "-v" "/var/lib/crater-agent-workspace/builds/worker-9/target:/opt/rustwide/target:rw,Z" "-v" "/var/lib/crater-agent-workspace/builds/worker-9/source:/opt/rustwide/workdir:ro,Z" "-v" "/var/lib/crater-agent-workspace/cargo-home:/opt/rustwide/cargo-home:ro,Z" "-v" "/var/lib/crater-agent-workspace/rustup-home:/opt/rustwide/rustup-home:ro,Z" "-e" "SOURCE_DIR=/opt/rustwide/workdir" "-e" "CARGO_TARGET_DIR=/opt/rustwide/target" "-e" "CARGO_INCREMENTAL=0" "-e" "RUST_BACKTRACE=full" "-e" "RUSTFLAGS=--cap-lints=forbid" "-e" "CARGO_HOME=/opt/rustwide/cargo-home" "-e" "RUSTUP_HOME=/opt/rustwide/rustup-home" "-w" "/opt/rustwide/workdir" "-m" "1610612736" "--user" "0:0" "--network" "none" "rustops/crates-build-env@sha256:a636fd89d022f18117e1dc8fb37a0a009933cdbbe082814857f0e2024962d47c" "/opt/rustwide/cargo-home/bin/cargo" "+cfbc6d4cf1acbac5c025acf8ed68929caa551df3" "check" "--frozen" "--all" "--all-targets" "--message-format=json", kill_on_drop: false }`
[INFO] [stdout] c821c16fa3fd09a04dda9b842ae26020a871d62d26d992eb13ac5f48abd754a1
[INFO] [stderr] WARNING: Your kernel does not support swap limit capabilities or the cgroup is not mounted. Memory limited without swap.
[INFO] running `Command { std: "docker" "start" "-a" "c821c16fa3fd09a04dda9b842ae26020a871d62d26d992eb13ac5f48abd754a1", kill_on_drop: false }`
[INFO] [stderr]     Checking baseball v0.1.0 (/opt/rustwide/workdir)
[INFO] [stdout] error[E0726]: implicit elided lifetime not allowed here
[INFO] [stdout]   --> src/game/game.rs:41:6
[INFO] [stdout]    |
[INFO] [stdout] 41 | impl Game {
[INFO] [stdout]    |      ^^^^- help: indicate the anonymous lifetime: `<'_>`
[INFO] [stdout] 
[INFO] [stdout] 
[INFO] [stdout] error[E0106]: missing lifetime specifier
[INFO] [stdout]   --> src/game/game.rs:42:18
[INFO] [stdout]    |
[INFO] [stdout] 42 |     fn base() -> Game {
[INFO] [stdout]    |                  ^^^^ expected named lifetime parameter
[INFO] [stdout]    |
[INFO] [stdout]    = help: this function's return type contains a borrowed value, but there is no value for it to be borrowed from
[INFO] [stdout] help: consider using the `'static` lifetime
[INFO] [stdout]    |
[INFO] [stdout] 42 |     fn base() -> Game<'static> {
[INFO] [stdout]    |                  ^^^^^^^^^^^^^
[INFO] [stdout] 
[INFO] [stdout] 
[INFO] [stdout] error[E0277]: the trait bound `&mut team::team::Team<'_>: std::clone::Clone` is not satisfied
[INFO] [stdout]   --> src/game/game.rs:18:5
[INFO] [stdout]    |
[INFO] [stdout] 18 |     pub home_team: &'a mut Team<'a>,
[INFO] [stdout]    |     ^^^^^^^^^^^^^^^^^^^^^^^^^^^^^^^ the trait `std::clone::Clone` is not implemented for `&mut team::team::Team<'_>`
[INFO] [stdout]    |
[INFO] [stdout]    = help: the following implementations were found:
[INFO] [stdout]              <team::team::Team<'a> as std::clone::Clone>
[INFO] [stdout]    = note: `std::clone::Clone` is implemented for `&team::team::Team<'_>`, but not for `&mut team::team::Team<'_>`
[INFO] [stdout]    = note: required by `std::clone::Clone::clone`
[INFO] [stdout]    = note: this error originates in a derive macro (in Nightly builds, run with -Z macro-backtrace for more info)
[INFO] [stdout] 
[INFO] [stdout] 
[INFO] [stdout] error[E0277]: the trait bound `&mut team::team::Team<'_>: std::clone::Clone` is not satisfied
[INFO] [stdout]   --> src/game/game.rs:19:5
[INFO] [stdout]    |
[INFO] [stdout] 19 |     pub visiting_team: &'a mut Team<'a>,
[INFO] [stdout]    |     ^^^^^^^^^^^^^^^^^^^^^^^^^^^^^^^^^^^ the trait `std::clone::Clone` is not implemented for `&mut team::team::Team<'_>`
[INFO] [stdout]    |
[INFO] [stdout]    = help: the following implementations were found:
[INFO] [stdout]              <team::team::Team<'a> as std::clone::Clone>
[INFO] [stdout]    = note: `std::clone::Clone` is implemented for `&team::team::Team<'_>`, but not for `&mut team::team::Team<'_>`
[INFO] [stdout]    = note: required by `std::clone::Clone::clone`
[INFO] [stdout]    = note: this error originates in a derive macro (in Nightly builds, run with -Z macro-backtrace for more info)
[INFO] [stdout] 
[INFO] [stdout] 
[INFO] [stdout] error: aborting due to 2 previous errors
[INFO] [stdout] 
[INFO] [stdout] 
[INFO] [stdout] For more information about this error, try `rustc --explain E0277`.
[INFO] [stdout] 
[INFO] [stdout] error[E0277]: the trait bound `&mut team::team::Team<'_>: std::clone::Clone` is not satisfied
[INFO] [stdout]   --> src/game/game.rs:18:5
[INFO] [stdout]    |
[INFO] [stdout] 18 |     pub home_team: &'a mut Team<'a>,
[INFO] [stdout]    |     ^^^^^^^^^^^^^^^^^^^^^^^^^^^^^^^ the trait `std::clone::Clone` is not implemented for `&mut team::team::Team<'_>`
[INFO] [stdout]    |
[INFO] [stdout]    = help: the following implementations were found:
[INFO] [stdout]              <team::team::Team<'a> as std::clone::Clone>
[INFO] [stdout]    = note: `std::clone::Clone` is implemented for `&team::team::Team<'_>`, but not for `&mut team::team::Team<'_>`
[INFO] [stdout]    = note: required by `std::clone::Clone::clone`
[INFO] [stdout]    = note: this error originates in a derive macro (in Nightly builds, run with -Z macro-backtrace for more info)
[INFO] [stdout] 
[INFO] [stdout] 
[INFO] [stderr] error: could not compile `baseball`.
[INFO] [stderr] 
[INFO] [stderr] To learn more, run the command again with --verbose.
[INFO] [stderr] warning: build failed, waiting for other jobs to finish...
[INFO] [stdout] error[E0277]: the trait bound `&mut team::team::Team<'_>: std::clone::Clone` is not satisfied
[INFO] [stdout]   --> src/game/game.rs:19:5
[INFO] [stdout]    |
[INFO] [stdout] 19 |     pub visiting_team: &'a mut Team<'a>,
[INFO] [stdout]    |     ^^^^^^^^^^^^^^^^^^^^^^^^^^^^^^^^^^^ the trait `std::clone::Clone` is not implemented for `&mut team::team::Team<'_>`
[INFO] [stdout]    |
[INFO] [stdout]    = help: the following implementations were found:
[INFO] [stdout]              <team::team::Team<'a> as std::clone::Clone>
[INFO] [stdout]    = note: `std::clone::Clone` is implemented for `&team::team::Team<'_>`, but not for `&mut team::team::Team<'_>`
[INFO] [stdout]    = note: required by `std::clone::Clone::clone`
[INFO] [stdout]    = note: this error originates in a derive macro (in Nightly builds, run with -Z macro-backtrace for more info)
[INFO] [stdout] 
[INFO] [stdout] 
[INFO] [stdout] error[E0624]: associated function `base` is private
[INFO] [stdout]   --> src/game/game.rs:44:30
[INFO] [stdout]    |
[INFO] [stdout] 44 |             home_team: Team::base(),
[INFO] [stdout]    |                              ^^^^ private associated function
[INFO] [stdout] 
[INFO] [stdout] 
[INFO] [stdout] error[E0308]: mismatched types
[INFO] [stdout]   --> src/game/game.rs:44:24
[INFO] [stdout]    |
[INFO] [stdout] 44 |             home_team: Team::base(),
[INFO] [stdout]    |                        ^^^^^^^^^^^^ expected `&mut team::team::Team<'_>`, found `()`
[INFO] [stdout] 
[INFO] [stdout] 
[INFO] [stdout] error[E0624]: associated function `base` is private
[INFO] [stdout]   --> src/game/game.rs:45:34
[INFO] [stdout]    |
[INFO] [stdout] 45 |             visiting_team: Team::base(),
[INFO] [stdout]    |                                  ^^^^ private associated function
[INFO] [stdout] 
[INFO] [stdout] 
[INFO] [stdout] error[E0308]: mismatched types
[INFO] [stdout]   --> src/game/game.rs:45:28
[INFO] [stdout]    |
[INFO] [stdout] 45 |             visiting_team: Team::base(),
[INFO] [stdout]    |                            ^^^^^^^^^^^^ expected `&mut team::team::Team<'_>`, found `()`
[INFO] [stdout] 
[INFO] [stdout] 
[INFO] [stdout] error[E0599]: no function or associated item named `base` found for struct `game::inning::Inning` in the current scope
[INFO] [stdout]   --> src/game/game.rs:46:29
[INFO] [stdout]    |
[INFO] [stdout] 46 |             inning: Inning::base(),
[INFO] [stdout]    |                             ^^^^ function or associated item not found in `game::inning::Inning`
[INFO] [stdout]    | 
[INFO] [stdout]   ::: src/game/inning.rs:6:1
[INFO] [stdout]    |
[INFO] [stdout] 6  | pub struct Inning {
[INFO] [stdout]    | ----------------- function or associated item `base` not found for this
[INFO] [stdout] 
[INFO] [stdout] 
[INFO] [stdout] error[E0599]: no variant or associated item named `base` found for enum `game::game::Out` in the current scope
[INFO] [stdout]   --> src/game/game.rs:47:23
[INFO] [stdout]    |
[INFO] [stdout] 10 | pub enum Out {
[INFO] [stdout]    | ------------ variant or associated item `base` not found here
[INFO] [stdout] ...
[INFO] [stdout] 47 |             out: Out::base(),
[INFO] [stdout]    |                       ^^^^ variant or associated item not found in `game::game::Out`
[INFO] [stdout] 
[INFO] [stdout] 
[INFO] [stdout] error: aborting due to 10 previous errors
[INFO] [stdout] 
[INFO] [stdout] 
[INFO] [stdout] Some errors have detailed explanations: E0106, E0277, E0308, E0599, E0624.
[INFO] [stdout] 
[INFO] [stdout] For more information about an error, try `rustc --explain E0106`.
[INFO] [stdout] 
[INFO] [stderr] error: build failed
[INFO] running `Command { std: "docker" "inspect" "c821c16fa3fd09a04dda9b842ae26020a871d62d26d992eb13ac5f48abd754a1", kill_on_drop: false }`
[INFO] running `Command { std: "docker" "rm" "-f" "c821c16fa3fd09a04dda9b842ae26020a871d62d26d992eb13ac5f48abd754a1", kill_on_drop: false }`
[INFO] [stdout] c821c16fa3fd09a04dda9b842ae26020a871d62d26d992eb13ac5f48abd754a1
